{"id":12,"date":"2026-04-30T21:18:55","date_gmt":"2026-04-30T21:18:55","guid":{"rendered":"https:\/\/accesid.ca\/?page_id=12"},"modified":"2026-05-04T13:42:57","modified_gmt":"2026-05-04T13:42:57","slug":"carte-accessible","status":"publish","type":"page","link":"https:\/\/accesid.ca\/?page_id=12","title":{"rendered":"Carte accessible \u2014 Qu\u00e9bec, Canada"},"content":{"rendered":"\t\t<div data-elementor-type=\"wp-page\" data-elementor-id=\"12\" class=\"elementor elementor-12\">\n\t\t\t\t\t\t<section class=\"elementor-section elementor-top-section elementor-element elementor-element- elementor-section-boxed elementor-section-height-default elementor-section-height-default\" data-id=\"\" data-element_type=\"section\" data-e-type=\"section\" data-settings=\"{&quot;background_background&quot;:&quot;gradient&quot;}\">\n\t\t\t\t\t\t<div class=\"elementor-container elementor-column-gap-default\">\n\t\t\t\t\t<div class=\"elementor-column elementor-col-100 elementor-top-column elementor-element elementor-element-\" data-id=\"\" data-element_type=\"column\" data-e-type=\"column\">\n\t\t\t<div class=\"elementor-widget-wrap elementor-element-populated\">\n\t\t\t\t\t\t<div class=\"elementor-element elementor-element- elementor-widget elementor-widget-heading\" data-id=\"\" data-element_type=\"widget\" data-e-type=\"widget\" data-widget_type=\"heading.default\">\n\t\t\t\t\t<h2 class=\"elementor-heading-title elementor-size-default\">\ud83d\uddfa\ufe0f Carte des lieux accessibles<\/h2>\t\t\t\t<\/div>\n\t\t\t\t<div class=\"elementor-element elementor-element- elementor-widget elementor-widget-text-editor\" data-id=\"\" data-element_type=\"widget\" data-e-type=\"widget\" data-widget_type=\"text-editor.default\">\n\t\t\t\t\t\t\t\t\t<p style=\"text-align: center; color: rgba(255,255,255,0.95); font-size: 1.2rem; max-width: 600px; margin: 15px auto 0;\">Explorez tous les lieux accessibles du Canada sur notre carte interactive<\/p>\t\t\t\t\t\t\t\t<\/div>\n\t\t\t\t\t<\/div>\n\t\t<\/div>\n\t\t\t\t\t<\/div>\n\t\t<\/section>\n\t\t\t\t<section class=\"elementor-section elementor-top-section elementor-element elementor-element- elementor-section-boxed elementor-section-height-default elementor-section-height-default\" data-id=\"\" data-element_type=\"section\" data-e-type=\"section\" data-settings=\"{&quot;background_background&quot;:&quot;classic&quot;}\">\n\t\t\t\t\t\t<div class=\"elementor-container elementor-column-gap-default\">\n\t\t\t\t\t<div class=\"elementor-column elementor-col-100 elementor-top-column elementor-element elementor-element-\" data-id=\"\" data-element_type=\"column\" data-e-type=\"column\">\n\t\t\t<div class=\"elementor-widget-wrap elementor-element-populated\">\n\t\t\t\t\t\t<div class=\"elementor-element elementor-element- elementor-widget elementor-widget-shortcode\" data-id=\"\" data-element_type=\"widget\" data-e-type=\"widget\" data-widget_type=\"shortcode.default\">\n\t\t\t\t\t\t\t<div class=\"elementor-shortcode\">        <link href=\"https:\/\/api.mapbox.com\/mapbox-gl-js\/v3.7.0\/mapbox-gl.css\" rel=\"stylesheet\">\n                <div class=\"accesid-mapv2-app\" style=\"height: calc(100vh - 80px);\" data-config='{&quot;useLeaflet&quot;:false,&quot;token&quot;:&quot;pk.eyJ1IjoiYWNjZXNhZG1pbmlkIiwiYSI6ImNtb201YnFxOTA3YzMycHB2NGtoOWcwdGkifQ.wnWVoZGOMWqRa9bMSGpEPA&quot;,&quot;style&quot;:&quot;mapbox:\\\/\\\/styles\\\/mapbox\\\/streets-v12&quot;,&quot;defaultCenter&quot;:{&quot;lng&quot;:-72.5,&quot;lat&quot;:46},&quot;defaultZoom&quot;:6,&quot;restUrl&quot;:&quot;https:\\\/\\\/accesid.ca\\\/index.php?rest_route=\\\/accesid\\\/v1\\\/map\\\/v2\\\/&quot;,&quot;nonce&quot;:&quot;2deb3d3d15&quot;,&quot;isMember&quot;:false,&quot;categories&quot;:[{&quot;key&quot;:&quot;restaurant&quot;,&quot;label&quot;:&quot;Restaurants&quot;,&quot;icon&quot;:&quot;\\ud83c\\udf7d\\ufe0f&quot;,&quot;color&quot;:&quot;#ef4444&quot;},{&quot;key&quot;:&quot;cafe&quot;,&quot;label&quot;:&quot;Caf\\u00e9s&quot;,&quot;icon&quot;:&quot;\\u2615&quot;,&quot;color&quot;:&quot;#a16207&quot;},{&quot;key&quot;:&quot;hotel&quot;,&quot;label&quot;:&quot;H\\u00e9bergement&quot;,&quot;icon&quot;:&quot;\\ud83c\\udfe8&quot;,&quot;color&quot;:&quot;#9333ea&quot;},{&quot;key&quot;:&quot;shop&quot;,&quot;label&quot;:&quot;Boutiques&quot;,&quot;icon&quot;:&quot;\\ud83d\\udecd\\ufe0f&quot;,&quot;color&quot;:&quot;#ec4899&quot;},{&quot;key&quot;:&quot;health&quot;,&quot;label&quot;:&quot;Sant\\u00e9&quot;,&quot;icon&quot;:&quot;\\ud83c\\udfe5&quot;,&quot;color&quot;:&quot;#dc2626&quot;},{&quot;key&quot;:&quot;transport&quot;,&quot;label&quot;:&quot;Transport&quot;,&quot;icon&quot;:&quot;\\ud83d\\ude8c&quot;,&quot;color&quot;:&quot;#0891b2&quot;},{&quot;key&quot;:&quot;culture&quot;,&quot;label&quot;:&quot;Culture&quot;,&quot;icon&quot;:&quot;\\ud83c\\udfad&quot;,&quot;color&quot;:&quot;#7c3aed&quot;},{&quot;key&quot;:&quot;outdoor&quot;,&quot;label&quot;:&quot;Plein air&quot;,&quot;icon&quot;:&quot;\\ud83c\\udf33&quot;,&quot;color&quot;:&quot;#16a34a&quot;},{&quot;key&quot;:&quot;service&quot;,&quot;label&quot;:&quot;Services&quot;,&quot;icon&quot;:&quot;\\ud83d\\udd27&quot;,&quot;color&quot;:&quot;#64748b&quot;},{&quot;key&quot;:&quot;government&quot;,&quot;label&quot;:&quot;Gouvernement&quot;,&quot;icon&quot;:&quot;\\ud83c\\udfdb\\ufe0f&quot;,&quot;color&quot;:&quot;#0369a1&quot;}],&quot;tiers&quot;:{&quot;or&quot;:{&quot;label&quot;:&quot;Or&quot;,&quot;icon&quot;:&quot;\\ud83e\\udd47&quot;},&quot;argent&quot;:{&quot;label&quot;:&quot;Argent&quot;,&quot;icon&quot;:&quot;\\ud83e\\udd48&quot;},&quot;bronze&quot;:{&quot;label&quot;:&quot;Bronze&quot;,&quot;icon&quot;:&quot;\\ud83e\\udd49&quot;},&quot;verifie&quot;:{&quot;label&quot;:&quot;V\\u00e9rifi\\u00e9&quot;,&quot;icon&quot;:&quot;\\u2713&quot;}},&quot;accessibilityFilters&quot;:[{&quot;key&quot;:&quot;wheelchair_entrance&quot;,&quot;label&quot;:&quot;\\u267f Fauteuil roulant&quot;,&quot;short&quot;:&quot;\\u267f&quot;},{&quot;key&quot;:&quot;parking_pmr&quot;,&quot;label&quot;:&quot;\\ud83c\\udd7f\\ufe0f Stationnement PMR&quot;,&quot;short&quot;:&quot;\\ud83c\\udd7f\\ufe0f&quot;},{&quot;key&quot;:&quot;restroom_accessible&quot;,&quot;label&quot;:&quot;\\ud83d\\udebb Toilettes adapt\\u00e9es&quot;,&quot;short&quot;:&quot;\\ud83d\\udebb&quot;},{&quot;key&quot;:&quot;hearing_aid&quot;,&quot;label&quot;:&quot;\\ud83d\\udc42 Aide auditive&quot;,&quot;short&quot;:&quot;\\ud83d\\udc42&quot;},{&quot;key&quot;:&quot;service_animal&quot;,&quot;label&quot;:&quot;\\ud83d\\udc15 Animal d assistance&quot;,&quot;short&quot;:&quot;\\ud83d\\udc15&quot;},{&quot;key&quot;:&quot;low_sensory&quot;,&quot;label&quot;:&quot;\\ud83e\\udde0 Faible stimulation&quot;,&quot;short&quot;:&quot;\\ud83e\\udde0&quot;}],&quot;i18n&quot;:{&quot;loading&quot;:&quot;Chargement\\u2026&quot;,&quot;no_results&quot;:&quot;Aucun lieu trouv\\u00e9. Essayez d \\u00e9largir la zone ou de retirer des filtres.&quot;,&quot;verified&quot;:&quot;Badge v\\u00e9rifi\\u00e9&quot;,&quot;add_favorite&quot;:&quot;Ajouter aux favoris&quot;,&quot;remove_favorite&quot;:&quot;Retirer des favoris&quot;,&quot;directions&quot;:&quot;Itin\\u00e9raire&quot;,&quot;call&quot;:&quot;Appeler&quot;,&quot;website&quot;:&quot;Site web&quot;,&quot;share&quot;:&quot;Partager&quot;,&quot;view_full&quot;:&quot;Voir la fiche compl\\u00e8te&quot;,&quot;login_to_see&quot;:&quot;Connectez-vous pour voir&quot;,&quot;showing&quot;:&quot;lieux affich\\u00e9s&quot;,&quot;login&quot;:&quot;Connexion&quot;,&quot;signup&quot;:&quot;Cr\\u00e9er un compte&quot;,&quot;fav_added&quot;:&quot;\\u2b50 Ajout\\u00e9 aux favoris&quot;,&quot;fav_removed&quot;:&quot;Retir\\u00e9 des favoris&quot;,&quot;reviews&quot;:&quot;avis&quot;},&quot;loginUrl&quot;:&quot;https:\\\/\\\/accesid.ca\\\/connexion\\\/?redirect=\\\/carte-accessible\\\/&quot;,&quot;signupUrl&quot;:&quot;https:\\\/\\\/accesid.ca\\\/inscription\\\/&quot;}'>\n            <!-- Sidebar gauche : filtres + liste -->\n            <aside class=\"accesid-mapv2-sidebar\">\n                <header class=\"accesid-mapv2-sidebar-header\">\n                    <div class=\"accesid-mapv2-search\">\n                        <span class=\"accesid-mapv2-search-icon\">\ud83d\udd0d<\/span>\n                        <input type=\"text\" class=\"accesid-mapv2-search-input\" placeholder=\"Rechercher une ville, adresse, lieu\u2026\" autocomplete=\"off\">\n                        <button type=\"button\" class=\"accesid-mapv2-search-locate\" title=\"Ma position\">\ud83d\udccd<\/button>\n                    <\/div>\n                    <div class=\"accesid-mapv2-search-suggestions\" hidden><\/div>\n                <\/header>\n\n                <div class=\"accesid-mapv2-tabs\">\n                    <button type=\"button\" class=\"accesid-mapv2-tab active\" data-tab=\"filters\">\u2699\ufe0f Filtres<\/button>\n                    <button type=\"button\" class=\"accesid-mapv2-tab\" data-tab=\"list\">\ud83d\udccb Liste <span class=\"accesid-mapv2-list-count\">\u2014<\/span><\/button>\n                <\/div>\n\n                <div class=\"accesid-mapv2-tab-panel active\" data-panel=\"filters\">\n                    <!-- Cat\u00e9gories -->\n                    <section class=\"accesid-mapv2-filter-section\">\n                        <h3>Cat\u00e9gories<\/h3>\n                        <div class=\"accesid-mapv2-categories\">\n                                                            <label class=\"accesid-mapv2-cat-chip\" style=\"--cat-color: #ef4444\">\n                                    <input type=\"checkbox\" class=\"accesid-mapv2-filter-cat\" value=\"restaurant\">\n                                    <span>\ud83c\udf7d\ufe0f Restaurants<\/span>\n                                <\/label>\n                                                            <label class=\"accesid-mapv2-cat-chip\" style=\"--cat-color: #a16207\">\n                                    <input type=\"checkbox\" class=\"accesid-mapv2-filter-cat\" value=\"cafe\">\n                                    <span>\u2615 Caf\u00e9s<\/span>\n                                <\/label>\n                                                            <label class=\"accesid-mapv2-cat-chip\" style=\"--cat-color: #9333ea\">\n                                    <input type=\"checkbox\" class=\"accesid-mapv2-filter-cat\" value=\"hotel\">\n                                    <span>\ud83c\udfe8 H\u00e9bergement<\/span>\n                                <\/label>\n                                                            <label class=\"accesid-mapv2-cat-chip\" style=\"--cat-color: #ec4899\">\n                                    <input type=\"checkbox\" class=\"accesid-mapv2-filter-cat\" value=\"shop\">\n                                    <span>\ud83d\udecd\ufe0f Boutiques<\/span>\n                                <\/label>\n                                                            <label class=\"accesid-mapv2-cat-chip\" style=\"--cat-color: #dc2626\">\n                                    <input type=\"checkbox\" class=\"accesid-mapv2-filter-cat\" value=\"health\">\n                                    <span>\ud83c\udfe5 Sant\u00e9<\/span>\n                                <\/label>\n                                                            <label class=\"accesid-mapv2-cat-chip\" style=\"--cat-color: #0891b2\">\n                                    <input type=\"checkbox\" class=\"accesid-mapv2-filter-cat\" value=\"transport\">\n                                    <span>\ud83d\ude8c Transport<\/span>\n                                <\/label>\n                                                            <label class=\"accesid-mapv2-cat-chip\" style=\"--cat-color: #7c3aed\">\n                                    <input type=\"checkbox\" class=\"accesid-mapv2-filter-cat\" value=\"culture\">\n                                    <span>\ud83c\udfad Culture<\/span>\n                                <\/label>\n                                                            <label class=\"accesid-mapv2-cat-chip\" style=\"--cat-color: #16a34a\">\n                                    <input type=\"checkbox\" class=\"accesid-mapv2-filter-cat\" value=\"outdoor\">\n                                    <span>\ud83c\udf33 Plein air<\/span>\n                                <\/label>\n                                                            <label class=\"accesid-mapv2-cat-chip\" style=\"--cat-color: #64748b\">\n                                    <input type=\"checkbox\" class=\"accesid-mapv2-filter-cat\" value=\"service\">\n                                    <span>\ud83d\udd27 Services<\/span>\n                                <\/label>\n                                                            <label class=\"accesid-mapv2-cat-chip\" style=\"--cat-color: #0369a1\">\n                                    <input type=\"checkbox\" class=\"accesid-mapv2-filter-cat\" value=\"government\">\n                                    <span>\ud83c\udfdb\ufe0f Gouvernement<\/span>\n                                <\/label>\n                                                    <\/div>\n                    <\/section>\n\n                    <!-- Accessibilit\u00e9 -->\n                    <section class=\"accesid-mapv2-filter-section\">\n                        <h3>Accessibilit\u00e9<\/h3>\n                        <div class=\"accesid-mapv2-access-grid\">\n                                                            <label class=\"accesid-mapv2-access-chip\">\n                                    <input type=\"checkbox\" class=\"accesid-mapv2-filter-access\" value=\"wheelchair_entrance\">\n                                    <span>\u267f Fauteuil roulant<\/span>\n                                <\/label>\n                                                            <label class=\"accesid-mapv2-access-chip\">\n                                    <input type=\"checkbox\" class=\"accesid-mapv2-filter-access\" value=\"parking_pmr\">\n                                    <span>\ud83c\udd7f\ufe0f Stationnement PMR<\/span>\n                                <\/label>\n                                                            <label class=\"accesid-mapv2-access-chip\">\n                                    <input type=\"checkbox\" class=\"accesid-mapv2-filter-access\" value=\"restroom_accessible\">\n                                    <span>\ud83d\udebb Toilettes adapt\u00e9es<\/span>\n                                <\/label>\n                                                            <label class=\"accesid-mapv2-access-chip\">\n                                    <input type=\"checkbox\" class=\"accesid-mapv2-filter-access\" value=\"hearing_aid\">\n                                    <span>\ud83d\udc42 Aide auditive<\/span>\n                                <\/label>\n                                                            <label class=\"accesid-mapv2-access-chip\">\n                                    <input type=\"checkbox\" class=\"accesid-mapv2-filter-access\" value=\"service_animal\">\n                                    <span>\ud83d\udc15 Animal d assistance<\/span>\n                                <\/label>\n                                                            <label class=\"accesid-mapv2-access-chip\">\n                                    <input type=\"checkbox\" class=\"accesid-mapv2-filter-access\" value=\"low_sensory\">\n                                    <span>\ud83e\udde0 Faible stimulation<\/span>\n                                <\/label>\n                                                    <\/div>\n                    <\/section>\n\n                    <!-- Niveau OPHQ (membres seulement) -->\n                    <section class=\"accesid-mapv2-filter-section accesid-mapv2-locked\">\n                        <h3>Niveau OPHQ <span class=\"accesid-mapv2-lock-icon\">\ud83d\udd12<\/span><\/h3>\n                        <div class=\"accesid-mapv2-tiers\">\n                            <label class=\"accesid-mapv2-tier-radio\"><input type=\"radio\" name=\"tier\" value=\"\" checked> Tous<\/label>\n                                                            <label class=\"accesid-mapv2-tier-radio\"><input type=\"radio\" name=\"tier\" value=\"or\"  disabled='disabled'> \ud83e\udd47 Or<\/label>\n                                                            <label class=\"accesid-mapv2-tier-radio\"><input type=\"radio\" name=\"tier\" value=\"argent\"  disabled='disabled'> \ud83e\udd48 Argent<\/label>\n                                                            <label class=\"accesid-mapv2-tier-radio\"><input type=\"radio\" name=\"tier\" value=\"bronze\"  disabled='disabled'> \ud83e\udd49 Bronze<\/label>\n                                                            <label class=\"accesid-mapv2-tier-radio\"><input type=\"radio\" name=\"tier\" value=\"verifie\"  disabled='disabled'> \u2713 V\u00e9rifi\u00e9<\/label>\n                                                    <\/div>\n                        <label class=\"accesid-mapv2-verified-toggle\">\n                            <input type=\"checkbox\" class=\"accesid-mapv2-filter-verified\"  disabled='disabled'>\n                            <span>\u2713 Badges v\u00e9rifi\u00e9s uniquement<\/span>\n                        <\/label>\n                                                    <p class=\"accesid-mapv2-locked-msg\">\n                                <a href=\"https:\/\/accesid.ca\/connexion\/?redirect=\/carte-accessible\/\">Connectez-vous<\/a>\n                                pour filtrer par niveau OPHQ                            <\/p>\n                                            <\/section>\n\n                    <button type=\"button\" class=\"accesid-btn accesid-btn-outline accesid-btn-full accesid-mapv2-reset-filters\">\n                        \ud83d\udd04 R\u00e9initialiser les filtres                    <\/button>\n                <\/div>\n\n                <div class=\"accesid-mapv2-tab-panel\" data-panel=\"list\">\n                    <div class=\"accesid-mapv2-list\">\n                        <p class=\"accesid-mapv2-list-empty\">D\u00e9placez la carte pour voir les lieux \u00e0 proximit\u00e9<\/p>\n                    <\/div>\n                <\/div>\n            <\/aside>\n\n            <!-- Carte -->\n            <main class=\"accesid-mapv2-canvas\">\n                <div class=\"accesid-mapv2-map\"><\/div>\n                <div class=\"accesid-mapv2-loading\">\u23f3 Chargement\u2026<\/div>\n                <button type=\"button\" class=\"accesid-mapv2-mobile-toggle\" title=\"Filtres\">\u2699\ufe0f<\/button>\n\n                                    <div class=\"accesid-mapv2-gating-banner\">\n                        \ud83d\udd13 Mode aper\u00e7u \u2014 50 lieux affich\u00e9s au hasard.                        <a href=\"https:\/\/accesid.ca\/inscription\/\">Cr\u00e9ez un compte gratuit<\/a>\n                        pour voir les 2000+ lieux accessibles avec leurs scores OPHQ.                    <\/div>\n                            <\/main>\n\n            <!-- Sidebar droite (slide-in au clic marker) \u2014 mobile : bottom sheet -->\n            <aside class=\"accesid-mapv2-detail\" hidden>\n                <button type=\"button\" class=\"accesid-mapv2-detail-close\" aria-label=\"Fermer\">\u2715<\/button>\n                <div class=\"accesid-mapv2-detail-drag\"><\/div>\n                <div class=\"accesid-mapv2-detail-content\"><!-- rempli par JS --><\/div>\n            <\/aside>\n        <\/div>\n        <\/div>\n\t\t\t\t\t\t<\/div>\n\t\t\t\t\t<\/div>\n\t\t<\/div>\n\t\t\t\t\t<\/div>\n\t\t<\/section>\n\t\t\t\t<section class=\"elementor-section elementor-top-section elementor-element elementor-element- elementor-section-boxed elementor-section-height-default elementor-section-height-default\" data-id=\"\" data-element_type=\"section\" data-e-type=\"section\" data-settings=\"{&quot;background_background&quot;:&quot;classic&quot;}\">\n\t\t\t\t\t\t<div class=\"elementor-container elementor-column-gap-default\">\n\t\t\t\t\t<div class=\"elementor-column elementor-col-100 elementor-top-column elementor-element elementor-element-\" data-id=\"\" data-element_type=\"column\" data-e-type=\"column\">\n\t\t\t<div class=\"elementor-widget-wrap elementor-element-populated\">\n\t\t\t\t\t\t<div class=\"elementor-element elementor-element- elementor-widget elementor-widget-text-editor\" data-id=\"\" data-element_type=\"widget\" data-e-type=\"widget\" data-widget_type=\"text-editor.default\">\n\t\t\t\t\t\t\t\t\t<div style=\"display: flex; justify-content: center; gap: 40px; flex-wrap: wrap; font-size: 0.9rem; color: #64748b;\"><div style=\"display: flex; align-items: center; gap: 8px;\"><span style=\"width: 14px; height: 14px; background: #10b981; border-radius: 50%; display: inline-block;\"><\/span> Excellent (90-100)<\/div><div style=\"display: flex; align-items: center; gap: 8px;\"><span style=\"width: 14px; height: 14px; background: #3b82f6; border-radius: 50%; display: inline-block;\"><\/span> Bon (70-89)<\/div><div style=\"display: flex; align-items: center; gap: 8px;\"><span style=\"width: 14px; height: 14px; background: #f59e0b; border-radius: 50%; display: inline-block;\"><\/span> Mod\u00e9r\u00e9 (50-69)<\/div><div style=\"display: flex; align-items: center; gap: 8px;\"><span style=\"width: 14px; height: 14px; background: #ef4444; border-radius: 50%; display: inline-block;\"><\/span> Limit\u00e9 (<50)<\/div><\/div>\t\t\t\t\t\t\t\t<\/div>\n\t\t\t\t\t<\/div>\n\t\t<\/div>\n\t\t\t\t\t<\/div>\n\t\t<\/section>\n\t\t\t\t<\/div>\n\t\t","protected":false},"excerpt":{"rendered":"","protected":false},"author":1,"featured_media":0,"parent":0,"menu_order":0,"comment_status":"closed","ping_status":"closed","template":"elementor_canvas","meta":{"footnotes":""},"class_list":["post-12","page","type-page","status-publish","hentry"],"_links":{"self":[{"href":"https:\/\/accesid.ca\/index.php?rest_route=\/wp\/v2\/pages\/12","targetHints":{"allow":["GET"]}}],"collection":[{"href":"https:\/\/accesid.ca\/index.php?rest_route=\/wp\/v2\/pages"}],"about":[{"href":"https:\/\/accesid.ca\/index.php?rest_route=\/wp\/v2\/types\/page"}],"author":[{"embeddable":true,"href":"https:\/\/accesid.ca\/index.php?rest_route=\/wp\/v2\/users\/1"}],"replies":[{"embeddable":true,"href":"https:\/\/accesid.ca\/index.php?rest_route=%2Fwp%2Fv2%2Fcomments&post=12"}],"version-history":[{"count":1,"href":"https:\/\/accesid.ca\/index.php?rest_route=\/wp\/v2\/pages\/12\/revisions"}],"predecessor-version":[{"id":67,"href":"https:\/\/accesid.ca\/index.php?rest_route=\/wp\/v2\/pages\/12\/revisions\/67"}],"wp:attachment":[{"href":"https:\/\/accesid.ca\/index.php?rest_route=%2Fwp%2Fv2%2Fmedia&parent=12"}],"curies":[{"name":"wp","href":"https:\/\/api.w.org\/{rel}","templated":true}]}}